pose 8648 = 8*n + f. What is the hundreds digit of n?
9
Let w(v) be the second derivative of -3*v**5/10 - 3*v**4/4 - 8*v**3/3 - 25*v**2/2 + v - 83. What is the units digit of w(-5)?
0
Let r be 1*(3 - 0) - -1. Suppose -90 = r*t + 78. What is the units digit of 36/(-27)*t/4?
4
Let p be 2346/(-5) + (-4)/5. Let r = p + 957. What is the hundreds digit of r?
4
Let a be 2*1/(-3 + -3)*-9. Suppose 5*b = -4*v - 12, a*v + 14 = -b - 4*b. What is the units digit of (-2005)/(-15) + b/6 + 1?
4
Suppose -t - 5 = -10. Let g(a) = -3*a**2 - 21*a + 23. Let z(v) = 5*v**2 + 32*v - 34. Let r(h) = t*z(h) + 8*g(h). What is the units digit of r(15)?
9
Let r(d) = 6*d**2 - 5*d - 191. What is the tens digit of r(-13)?
8
Let a be 397 - 1/2*4. Suppose -8 = -2*p + 3*r + 141, -3*r - a = -5*p. Suppose 2*m - p = 2*y - 6*y, -2*m + 4*y = -82. What is the units digit of m?
1
Let u(i) = 2*i**3 - 5*i**2 - 9*i + 18. Suppose -17*f = -3*f - 154. Suppose -f*j - 7*j + 108 = 0. What is the tens digit of u(j)?
1
Let b(j) = 203*j + 14. Let o = -218 - -221. What is the hundreds digit of b(o)?
6
Let g(h) = -8*h**3 + 2*h**2 - 6*h - 8. Let y be g(-1). What is the units digit of y/(-10) + 1 + 3158/10?
6
Let f = -4800 + 22063. What is the ten thousands digit of f?
1
Let r = 18369 - 6449. What is the units digit of r?
0
Let m(g) = 2 - 4*g - 7 - 2*g**3 + 0 - g**3. What is the tens digit of m(-5)?
9
Suppose -2*p + 124 = 366. Let d = p - -125. Suppose 0 = 2*z - d*b - 66, -z + 6 + 35 = 2*b. What is the units digit of z?
7
Let k = 30922 - 18437. What is the units digit of k?
5
Suppose -f + 3325 = 10*y - 16273, -2*f - 4*y + 39308 = 0. What is the hundreds digit of f?
6
Suppose 2*j - g - 21 = 173, 4*j + 4*g - 364 = 0. Let d = -68 + j. What is the units digit of 174/(-3)*(d/6)/(-3)?
7
Suppose -29*k = -21*k + 184. Let j = 48 - k. What is the tens digit of j?
7
Let c(v) = 15*v**3 + 7*v**2 - 10*v + 6. Let x(t) = -t**3 - 9*t**2 - 15*t - 3. Let f be x(-7). What is the thousands digit of c(f)?
1
Let t = -98 - -391. Let b = 717 - t. What is the tens digit of b?
2
Let d(x) = -2*x**3 + x. Let h(f) = 770*f**3 + 2*f**2 + 22*f + 19. Let o(y) = 2*d(y) - h(y). What is the tens digit of o(-1)?
7
Suppose -5*d = 2*d. Suppose -4*n - n + 2660 = d. What is the units digit of n?
2
Suppose 2993596 - 133156 = 88*y. What is the units digit of y?
5
Let i(a) be the second derivative of 115*a**4/6 + a**3/3 + a**2/2 - 3*a. Let k be i(-1). Suppose 6*v - 47 = k. What is the tens digit of v?
4
Let s(o) = 60*o**2 - 36*o + 562. What is the units digit of s(35)?
2
What is the units digit of (-340993)/(-7) - (-740)/(-2590)?
3
Let x(z) = 7229*z + 35. Let n be x(1). Suppose n = 7*u - 4755. What is the units digit of u?
7
Let q = 37299 + -21328. Suppose 28*d - 1669 = q. What is the hundreds digit of d?
6
Let k be ((-4400)/600)/(0 - (-1)/(-15)). What is the tens digit of 32596/44 + 20/k?
4
Let r = 221 + -219. Suppose -2*z + 1462 = -4*q, -2*z - r*z + q = -2924. What is the units digit of z?
1
Let d = 21 + -21. Suppose 3*l + 15 = d, -l + 4*l + 15 = -c. Suppose 4*n = b + 2*b - 96, 4*b + n - 109 = c. What is the units digit of b?
8
Let q be (-27)/(12/(-24)*2/3). Let w = q + 152. What is the units digit of w?
3
Let g(v) = v**3 + 7*v**2 - 5*v - 4. Let x be g(-8). Let o(u) = -16*u - 107. What is the tens digit of o(x)?
4
Let y be (-12)/(-80)*-4 - (-66)/10. Suppose -2*h - 2524 = 4*l - y*l, l + 2*h = 1277. What is the hundreds digit of l?
2
Let r be 6 - (-5)/10*-6. Suppose 3*s - 3 = -u - 0*s, u - r = 3*s. Suppose -2*f + 2*x - 82 = -u*f, -3*x = 0. What is the units digit of f?
2
Let i be 49/17 + (-4)/(-34). Suppose 79 = -i*x + 1549. What is the tens digit of x?
9
Suppose 44*o - 3884 + 13212 = 0. Let u = 408 + o. What is the units digit of u?
6
Let u(k) = 103*k**2 - 159*k + 39. What is the tens digit of u(9)?
5
Let g be ((-8)/(-1))/((2 - -2) + -2). Suppose g*k - 3*f = 67, -2*k + 3*f = 2*f - 33. Let p = 81 + k. What is the units digit of p?
7
Let u = -12475 + 19935. What is the hundreds digit of u?
4
What is the hundreds digit of (-2 - -2673) + (-92 - -79)?
6
Let g = -35939 - -61365. What is the hundreds digit of g?
4
Suppose -5*q - s + 474 = 0, -2*q - 4*s + 0*s + 186 = 0. Let y = q - 92. Suppose y*t - 671 + 29 = 0. What is the tens digit of t?
1
Suppose 16956 = -9*d + 18*d. Let n be 3/(1274/d - 18/27). Suppose 9*u - 370 - n = 0. What is the tens digit of u?
7
Let w = -7031 - -15071. What is the hundreds digit of w?
0
Let z(m) = 4 - 9*m**2 - 2*m**3 + 3 + 3*m**3. Let q(a) = -10*a**2 - 85*a - 31. Let k be q(-8). What is the units digit of z(k)?
7
Let j(t) = 24821*t**2 + 6*t - 9. What is the units digit of j(1)?
8
Let f(l) = 32*l**2 - 15*l + 474. What is the units digit of f(12)?
2
Let x = -153 + 101. Let c = 104 + -43. Let p = x + c. What is the units digit of p?
9
Let p be (-899)/(-319) - (-4)/22. Suppose -4*i + 7*y + 1536 = -3577, 0 = -p*y + 3. What is the hundreds digit of i?
2
Let o be (-10449)/(-2)*(3 - 34/6). What is the tens digit of -5 - o/30 - (-3)/5?
6
Let d be 111*(-208)/(-30) - (-26)/65. Let o = 0 - -4. Suppose o*u = -u + d. What is the hundreds digit of u?
1
Suppose -40*t - 23*t = -15*t - 588720. What is the units digit of t?
5
Let k(c) = -c**3 + 13*c**2 - 7*c - 25. Suppose 23 = 5*f - 2*t - 21, -4*t = -2*f + 8. What is the hundreds digit of k(f)?
2
Suppose -8*w + 52519 - 6439 = 0. What is the units digit of w?
0
Suppose 0 = 4*g - 13336 - 9024. What is the units digit of (-46)/253 + g/11?
8
Let x be (20/25)/((-1)/(-10)). Suppose -x*h - 11 = -267. What is the units digit of h?
2
What is the units digit of (6/(-15) - (-4)/10) + (-565966)/(-86)?
1
What is the thousands digit of (1 - -17) + 13856 + 9/(-1)?
3
Suppose -1 = -5*u - 3*f, 9*f - 13 = 3*u + 4*f. Let l be (u + (3 - -1) + -2)*5. Suppose -6*b = -y - b + 192, 2*b + 914 = l*y. What is the units digit of y?
2
Suppose -i + 5*a + 2415 = 4*i, 2*i - a - 964 = 0. Let n = i + -244. What is the hundreds digit of n?
2
Suppose 3*f - 3*y - 14043 = 0, 18718 = f + 3*f - 2*y. What is the units digit of f?
8
Let t = 3341 + -2762. What is the tens digit of t?
7
Suppose 0 = -7*p + 53 + 17. Suppose 18*h - p*h = 2328. What is the hundreds digit of h?
2
Suppose 55 = 18*l - 17. Suppose -5*i = 5*o - 5005, -i - 8 = -l. What is the tens digit of o?
0
Suppose -2*v + x + 8189 + 2394 = 0, 0 = 3*v - 4*x - 15882. What is the units digit of v?
0
Suppose 84*f + 3220 = 89*f. What is the hundreds digit of f?
6
Let l(p) = -96*p - 32. Let m be l(-12). Suppose -1126*y + m*y = -3582. What is the hundreds digit of y?
5
Let r(w) = 2*w + 48*w**3 + 9*w**2 + 3 + 6*w**2 - 8 - 3 - 16*w**2. What is the tens digit of r(2)?
7
Suppose 0 = 3*f - 6*f + 27. What is the units digit of (f - (-10467)/(-45))*(-3 - 2)?
8
Let h be 180*(4 - (-24)/(-9)). Let d = 438 - h. What is the hundreds digit of d?
1
Suppose -114*b + 2140666 + 1760486 = 206184. What is the tens digit of b?
1
Let o(k) = -k**3 - 12*k**2 + 219*k + 29. What is the units digit of o(-27)?
1
Let b(f) = -7*f**2 + 43*f + 3. Let h be b(6). What is the tens digit of (161 + h)*(2/4 + 0)?
8
Let z(u) = -u**3 + 9*u**2 + 11*u - 13. Let t be z(10). Let v(c) = -1 + 0*c - 1 - 3*c**3 + c + 2*c**2 - 3*c. What is the tens digit of v(t)?
0
Suppose 4*y + q = -0*q + 5, -10 = -2*y + 2*q. Suppose -5*g + y*g + 6 = 0. Suppose -4*j + 5*t = -481, 4*j - 560 = -j - g*t. What is the units digit of j?
4
Let f(t) = 16 + 283*t**2 - t**3 + 5*t - 292*t**2 - 3*t. Let k be f(-9). What is the tens digit of ((-2)/4)/(k/96)?
2
Suppose -21*o - 27*o + 40491 = -39*o. What is the thousands digit of o?
4
Let m = 95 - 95. Suppose m = -0*s - 2*s, -4*s = -2*f + 804. What is the units digit of f?
2
Let d(w) = 28*w**2 - 608*w - 58. What is the thousands digit of d(-40)?
9
Let c(k) = 8*k - 8. Let q be c(3). Suppose 0 = 6*o - 1420 + q. What is the hundreds digit of o?
2
What is the ten thousands digit of (31/3)/(21/36477)?
1
What is the tens digit of ((-26)/((-1508)/(-101761)))/(1/(-2))?
0
Let o be -110*(-3)/6*-2. Let d = o + 217. Let w = d + -59. What is the tens digit of w?
4
Suppose 3*h - 6 = -7*w + 4*w, -4*w + 5*h + 35 = 0. Let c be (8/w)/((-1)/(-5)*2). Suppose 304 = 3*t + c*z - 71, -3*t + 357 = -2*z. What is the tens digit of t?
2
Suppose 7 = o + 11. Let a(m) = -13*m + 18. Let d be a(6). What is the tens digit of ((-1824)/d)/(o